?
False
Does 2513 divide 1783989850?
False
Is 983 a factor of 71075451?
False
Does 10 divide 783173772?
False
Is 195 a factor of 688663950?
True
Is 61 a factor of 22991471?
False
Is 34 a factor of 766130500?
True
Is 141 a factor of 2242030411?
False
Does 3293 divide 60831589?
True
Does 96 divide 464344443?
False
Is 136 a factor of 58311360?
True
Is 250 a factor of 6131250?
True
Does 44 divide 10678844?
True
Does 103 divide 90241802?
True
Is 100840384 a multiple of 64?
True
Does 24 divide 1704117844?
False
Does 3003 divide 363245883?
True
Is 140 a factor of 230292300?
True
Is 10625338 a multiple of 1278?
False
Does 95 divide 1730654390?
False
Is 587543660 a multiple of 34?
False
Does 1256 divide 114477438?
False
Does 7034 divide 1286792926?
True
Is 2048 a factor of 2062336?
True
Does 10 divide 91592950?
True
Does 21 divide 5558196?
True
Is 12811940 a multiple of 10?
True
Does 365 divide 215759530?
True
Is 73 a factor of 517778?
False
Does 1382 divide 283167654?
True
Is 23 a factor of 127075360?
False
Does 680 divide 45491091?
False
Is 695 a factor of 21805822?
False
Is 556 a factor of 66078932?
True
Is 61140756 even?
True
Is 2029 a factor of 999016701?
True
Is 6505 a factor of 538802645?
True
Is 385089 a multiple of 4?
False
Does 358 divide 622599280?
False
Does 174 divide 710250425?
False
Is 25 a factor of 492614204?
False
Is 1036840347 a multiple of 597?
True
Is 47 a factor of 61352249?
True
Is 37 a factor of 15881893?
False
Is 2 a factor of 4275627?
False
Does 1088 divide 3633405?
False
Does 1443 divide 3844730190?
False
Is 16061710 a multiple of 70?
True
Is 19 a factor of 280418720?
True
Is 56996158 a multiple of 302?
True
Is 115 a factor of 503352130?
False
Does 1433 divide 49131838?
True
Does 5 divide 46048082?
False
Does 32 divide 166058560?
True
Is 15 a factor of 6580110676?
False
Is 2216058591 a multiple of 6789?
True
Is 14 a factor of 110664596?
True
Does 1356 divide 34265563?
False
Is 2348 a factor of 2653240?
True
Does 3 divide 6799538?
False
Is 66699843 a multiple of 7?
True
Is 13817745 a multiple of 6?
False
Does 30 divide 2932401859?
False
Does 3 divide 5628986?
False
Does 227 divide 2451750?
False
Does 5647 divide 548686461?
False
Is 44 a factor of 560580341?
False
Is 9 a factor of 9779273?
False
Is 202 a factor of 10925970?
False
Is 204166946 a multiple of 250?
False
Is 222136732 a multiple of 13?
False
Is 1753532004 a multiple of 42?
True
Is 79 a factor of 28340336?
False
Does 30 divide 1971230260?
False
Is 30825984 a multiple of 94?
True
Is 6504600 a multiple of 185?
True
Is 2075210380 a multiple of 362?
False
Is 1054 a factor of 3844423894?
True
Is 225 a factor of 64898549?
False
Does 4026 divide 570005106?
True
Does 12 divide 96635040?
True
Is 313 a factor of 66581673?
True
Does 1642 divide 2969377203?
False
Is 67717655 a multiple of 162?
False
Is 14666 a factor of 5883555396?
False
Is 3643306 a multiple of 62?
True
Is 71676528 a multiple of 6776?
True
Is 34042882 a multiple of 93?
False
Is 275414848 a multiple of 115?
False
Is 11 a factor of 566191877?
False
Does 3 divide 95676758?
False
Is 175226549 a multiple of 145?
False
Does 210 divide 131052068?
False
Does 1473 divide 1181229371?
False
Is 21 a factor of 243331423?
False
Does 20 divide 443968127?
False
Is 222 a factor of 361631687?
False
Is 598796 a multiple of 2022?
False
Is 8 a factor of 5138964?
False
Is 72258549 a multiple of 7071?
True
Does 204 divide 1549591548?
True
Does 186 divide 50795290?
False
Is 4485 a factor of 97845182?
False
Is 1046 a factor of 31022268?
True
Is 90 a factor of 49291740?
True
Does 32 divide 8375212?
False
Does 1817 divide 14312509?
True
Does 1488 divide 1107919449?
False
Is 4468044 a multiple of 42?
True
Is 12787759 a multiple of 24?
False
Does 165 divide 1051813366?
False
Is 43 a factor of 115103174?
True
Is 26544215 a multiple of 11?
False
Is 59688624 a multiple of 71?
False
Is 4768 a factor of 5200824736?
True
Does 53 divide 176415750?
False
Is 318195000 a multiple of 4500?
True
Does 136 divide 437147112?
True
Is 6 a factor of 1603318786?
False
Does 3 divide 459506501?
False
Is 147 a factor of 1199992605?
True
Is 314801757 a multiple of 871?
False
Is 17294301 a multiple of 57?
False
Does 2447 divide 428890043?
False
Is 1435176264 a multiple of 356?
True
Does 85 divide 106123860?
True
Is 6567563847 a multiple of 2067?
True
Is 1347775486 a multiple of 80?
False
Does 1715 divide 168647789?
False
Is 9639708 a multiple of 244?
True
Does 6958 divide 1017768805?
False
Is 18938166 a multiple of 951?
False
Is 4694 a factor of 2266061358?
True
Is 4608 a factor of 2907915264?
True
Is 194 a factor of 5641091?
False
Does 14 divide 4355233778?
True
Is 48 a factor of 51873731?
False
Is 16 a factor of 900948?
False
Is 7 a factor of 5796686?
True
Is 2232 a factor of 5486256?
True
Is 68531710 a multiple of 4967?
False
Is 214 a factor of 230198302?
True
Is 295 a factor of 2936748815?
False
Is 6667302 a multiple of 153?
False
Does 64 divide 5929024?
True
Does 1766 divide 14507690?
True
Is 19 a factor of 116413459?
False
Is 1201534512 a multiple of 16?
True
Does 488 divide 43105040?
True
Is 12815536 a multiple of 27?
False
Is 1409 a factor of 98450452?
False
Is 20709218 a multiple of 347?
False
Is 90 a factor of 14767740?
True
Is 2744409533 a multiple of 229?
False
Is 75 a factor of 2273895075?
True
Does 822 divide 314726538?
True
Does 10384 divide 2743432032?
True
Does 27 divide 1018901795?
False
Is 381 a factor of 63452228?
False
Is 388 a factor of 9515312?
True
Is 3277 a factor of 133508257?
True
Is 67547445 a multiple of 1695?
True
Is 1219970880 a multiple of 16?
True
Is 65058 a multiple of 20?
False
Does 116 divide 279690732?
True
Is 25253438 a multiple of 16?
False
Does 4 divide 1286873259?
False
Does 90 divide 82595806?
False
Is 6891996 a multiple of 138?
True
Does 22 divide 189853092?
True
Does 661 divide 2114465153?
False
Does 984 divide 12662112?
True
Is 390 a factor of 2294819670?
True
Does 867 divide 5919009?
True
Does 250 divide 41783730?
False
Is 4440 a factor of 740920560?
True
Is 5 a factor of 88731060?
True
Is 73 a factor of 100894030?
True
Is 209874158 a multiple of 3?
False
Is 573 a factor of 701216215?
False
Does 65 divide 4219805774?
False
Is 448 a factor of 394045568?
True
Does 13 divide 14409603?
True
Does 879 divide 126219041?
False
Is 593771453 a multiple of 11?
True
Is 61068492 a multiple of 324?
True
Is 1692 a factor of 370067512?
False
Is 1318 a factor of 379838544?
False
Does 18 divide 9128771?
False
Is 180 a factor of 68928103?
False
Is 3416 a factor of 58365776?
True
Is 374702048 a multiple of 47?
True
Is 27720 a multiple of 66?
True
Does 288 divide 607756032?
True
Does 21 divide 470713630?
False
Is 30 a factor of 2275756346?
False
Is 279 a factor of 38560590?
True
Is 4143 a factor of 161276264?
False
Is 35 a factor of 13203675?
False
Is 150 a factor of 19096350?
True
Does 1478 divide 14914120?
False
Does 79 divide 305481308?
True
Is 2290 a factor of 544601023?
False
Is 223726339 a multiple of 474?
False
Does 23 divide 47029428?
False
Is 278 a factor of 135641760?
True
Is 12 a factor of 4208106?
False
Is 6 a factor of 13947132?
True
Does 8 divide 54648600?
True
Is 6 a factor of 1083812742?
True
Is 5159363 a multiple of 11?
True
Is 1804 a factor of 16257648?
True
Does 16 divide 698303419?
False
Does 6 divide 7365498?
True
Is 95316186 a multiple of 138?
True
Is 17 a factor of 829686003?
True
Is 18 a factor of 974720126?
False
Is 45947623 a multiple of 49?
False
Does 10 divide 229310290?
True
Is 30 a factor of 300798120?
True
Is 445250652 a multiple of 1886?
True
Does 52 divide 30577508?
True
Is 513 a factor of 10599887?
False
Does 632 divide 102077480?
True
Does 1147 divide 574509760?
False
Is 339 a factor of 117734700?
True
Is 38048725 a multiple of 319?
True
Does 1505 divide 253372770?
True
Is 72914870 a multiple of 119?
True
Does 52 divide 249016790?
False
Does 74 divide 13096520?
True
Does 3 divide 6927048?
True
Is 493801294 a multiple of 287?
True
Does 3928 divide 281925321?
False
Does 118 divide 53517956?
True
Is 141829597 a multiple of 1163?
False
Does 10 divide 38815440?
True
Does 387 divide 1101994884?
True
Is 247 a factor of 587954601?
True
Does 13 divide 101721022?
True
Is 24078222 a multiple of 189?
True
Is 72